 27 = -123. Calculate the greatest common divisor of 5 and u.
5
Let k be 82/10 - ((-528)/(-40) - 14). Let x(c) = -c**3 + 3*c**2 - 2. Let j be x(2). What is the greatest common factor of j and k?
1
Let v be 12/48 + (-15)/(-4). Suppose 5*z - 136 = v*b, 0 = 2*z + b - 9 - 48. Suppose -z = -k - 3*k. Calculate the highest common factor of k and 35.
7
Suppose -15*g = -4*q - 17*g + 260, 0 = -3*q + 5*g + 169. Let o(p) = 0 + 2 - 48*p + 49*p. Let m be o(5). Calculate the highest common divisor of q and m.
7
Suppose -5*u - 65*v + 8474 = -63*v, -u + 1685 = -v. What is the greatest common factor of u and 752?
188
Suppose 5*r = 5*d - 85, -243*d + 244*d + 3*r - 45 = 0. Let p be (-1)/(-4) - (-12495)/68. What is the greatest common divisor of d and p?
8
Let h(q) = q**3 + 13*q**2 + 11*q - 3. Let g be h(-10). Let u = 295 - g. Let w(b) = 24*b + 921. Let o be w(-38). What is the greatest common factor of u and o?
9
Let v be (-28)/(-6)*(4 + -2 + -5). Let z(d) = d**2 + 12*d - 8. Let l be z(v). Calculate the greatest common divisor of 220 and l.
20
Let z = 341 + -494. Let c be (-23596)/z - 2/9. Suppose 4*w + 26 = h, -4*w = 3 + 9. Calculate the highest common divisor of c and h.
14
Let s be (4/(-3))/((-2)/69). Suppose 0 = 3*y + 108*h - 105*h - 849, 3*y = 3*h + 807. Calculate the highest common divisor of s and y.
46
Suppose -3*m = -6*g + 251 - 86, 0 = 4*g - 4*m - 108. Calculate the greatest common divisor of 44 and g.
4
Let t(b) = -b**3 + 90*b**2 - 83*b - 462. Let h be t(89). Calculate the highest common divisor of 486 and h.
18
Suppose -81*t - 1003 + 46201 = 0. Let b = -41 + 103. Calculate the highest common divisor of t and b.
62
Suppose 5*w - 20 = t, w + 2*t + 6 = -1. Let c(f) = -10 - 2*f + 33*f - 7*f - 12*f. Let a be c(w). Calculate the highest common factor of 65 and a.
13
Let m(z) = -2*z + 4. Let a be m(2). Suppose 0*j + 72 = 3*j. Let v = j + a. Calculate the greatest common divisor of v and 24.
24
Let f be 18 - (1 + (-4 - -3))/2. Let r(p) = 293*p**2 + 8*p + 3. Let v be r(-1). Calculate the greatest common factor of v and f.
18
Let p be (-3)/5 + (-759)/(-15). Let m be (-2)/(-11 + ((-2877)/(-240) - 1)). What is the greatest common divisor of m and p?
10
Let y = -115 + -88. Let w = 223 + y. Calculate the greatest common divisor of 70 and w.
10
Suppose 5*y - 3*y - 32 = 0. Let g be 15*((-126)/27)/(-2) - 11. Calculate the highest common factor of g and y.
8
Suppose 63 - 798 = -15*g. Suppose -g*k + 13*k = -468. What is the greatest common factor of k and 767?
13
Let u(c) = 16*c + 76. Let n be u(60). Calculate the highest common factor of 7 and n.
7
Let b(s) = -s**3 - 59*s**2 + 120*s - 52. Let x be b(-61). What is the highest common factor of 120 and x?
10
Let f be (-15)/(-120)*56 + (0 - 0) + -4. Let b = -34 + 130. Calculate the highest common factor of f and b.
3
Let c be 6*((-2)/12 - -2)*-4. Let k be c/(-16)*-2*530/(-5). What is the highest common factor of k and 11?
11
Suppose 6*n + 21 = 9*n. Suppose -2*u - 2*q = -22, 0*q + 23 = 3*u + q. Suppose -u*k = -209 - 85. What is the greatest common factor of k and n?
7
Suppose -3*f - 66 = -3*d + 36, -d - 4*f + 54 = 0. Let l = 662 + -567. What is the highest common divisor of d and l?
19
Suppose 1745 - 1649 = 3*g. Suppose 28*j - 388 = g. What is the highest common divisor of j and 60?
15
Let g be 1390*(-22 - (-1770)/75). What is the highest common factor of 973 and g?
139
Let v = 569648 - 568460. Suppose 0 = -2*d - 2*d + 216. What is the greatest common divisor of v and d?
54
Let i be (-4)/(-54) + 4451144/2484. Calculate the greatest common factor of 7 and i.
7
Suppose 195 = 3*a + 3*w, -w + 6 = 2*a - 130. What is the greatest common factor of a and 6319?
71
Suppose -4*h - 3*g + 47 = 0, 2*h - 723*g = -726*g + 31. Calculate the greatest common factor of 52 and h.
4
Let l be 5*(-9)/(-15) + 502 - -1. What is the greatest common divisor of 69 and l?
23
Let f(k) = -2*k - 73. Let q be f(6). Let o = 88 + q. Let v = -28 - -49. Calculate the greatest common divisor of v and o.
3
Let u be 14/4 + 3/6. Suppose -1569 + 2115 = 84*p - 7854. What is the highest common divisor of p and u?
4
Let p = 3 + -14. Let n be (12/(-2) - 2)*p. Let h be (-2*(-34)/(-119))/((-2)/28). Calculate the highest common factor of h and n.
8
Let v be (-2)/5 + 52/5. Suppose -26*x + v = -24*x. Suppose -5*w - t = -14 - 7, x*w = 2*t + 33. Calculate the greatest common divisor of w and 5.
5
Let y(l) = l**3 + 16*l**2 + 13*l - 20. Let t be y(-15). Suppose -56 = 2*a - 16. Let g be (-8)/20 + (-608)/a. What is the highest common divisor of t and g?
10
Let i(j) = -j**3 + 11*j**2 + 4*j - 33. Let z be i(4). What is the highest common factor of z and 703?
19
Let l(w) = -37*w + 4*w - 22 + 19 + 0*w. Let s be l(-2). Suppose -11 = -5*t + 34. What is the greatest common divisor of t and s?
9
Let u(a) = a**2 + 24*a + 27. Let i be u(-23). Suppose -54 = i*h - 1242. Calculate the greatest common factor of h and 27.
27
Suppose 3*s - 2*p - 683 = 0, -1140 = 29*s - 34*s + 3*p. Let r be (-1)/(-3) - 628/(-6). Suppose 0*g = 5*g - r. Calculate the greatest common divisor of s and g.
21
Let o(g) = 14*g**2 + 196*g + 24. Let z be o(-17). Calculate the greatest common divisor of 72 and z.
18
Suppose -5*c = b - 122, -128*b + 133*b = 3*c + 498. Calculate the greatest common divisor of b and 6103.
17
Suppose -37*b = 13094 - 76956. Let f = b + -927. Calculate the greatest common factor of f and 17.
17
Let k(z) = z + 14. Suppose -t - 2*t + 115 = 5*d, d - 155 = -5*t. Let j = t - 27. Let l be k(j). Calculate the highest common divisor of l and 85.
17
Let h(u) = -10*u - 152. Suppose -5*b - 1 = -p - 3, 0 = -5*p - b - 88. Let i be h(p). What is the greatest common divisor of i and 450?
18
Suppose 4*q - 52 = -12. Suppose 6*m - 31 = -19. Suppose -2*c - q + m = -p, 3*p - 4*c - 26 = 0. Calculate the greatest common factor of p and 110.
10
Let u = -79 - -82. Suppose x = 2*r + 18, 10*x - 5*x - 90 = u*r. What is the greatest common divisor of 288 and x?
18
Suppose 0*s - 2*s + 10 = 0. Let n(b) = -20*b - 27. Let c be n(-3). Suppose -s*d + c = -47. What is the greatest common factor of d and 56?
8
Let u(h) = -2*h**2 + 5*h + 5. Let m be u(-8). Let p = 262 + m. Calculate the highest common divisor of p and 18.
9
Let k be 180/(-72) + 2 + (-1374)/(-4) - 1. What is the highest common factor of k and 36?
18
Suppose 0 = 4*l + 17*x - 14*x - 264, x + 185 = 3*l. Calculate the highest common factor of 63 and l.
63
Let s be ((-8)/10)/(6/(-2930)) + 132/99. Calculate the greatest common factor of s and 826.
14
Suppose -8*n + 174 = -6*n. Let x = n - -123. Calculate the highest common factor of 140 and x.
70
Let d = -1004 + 621. Let k = d - -604. Calculate the greatest common divisor of k and 13.
13
Let b be 2703/85 - (-1)/5. Let o be (12 + 0)/(81/54)*(-2 - -6). Calculate the highest common divisor of o and b.
32
Let l(p) = 7*p**2 - 2*p + 8. Let y be 28/6 - (-66)/(-99). Let w be l(y). What is the highest common divisor of w and 16?
16
Let h be 10/(((-9)/(-9))/2). Suppose 9*n - 412 = h. Calculate the greatest common factor of n and 84.
12
Let u(l) = -l**2 + 6*l - 10. Let m be u(5). Let b be (-2)/((-634)/(-212) - (-15)/m). What is the greatest common factor of 159 and b?
53
Let a = 9 + -4. Suppose 0 = -6*k + 4*k - 3*p + 17, 0 = a*k + 3*p - 38. Let o = k - -2. Calculate the highest common factor of 9 and o.
9
Suppose 4*t - 3*f + 66 = 249, f + 95 = 2*t. Let c = 1177 - 446. Let y = c + -476. Calculate the highest common factor of t and y.
51
Let u be (-58)/319 + 2050/22 + 3. What is the highest common divisor of u and 6?
6
Let i(d) = -16*d**3 + 2*d - 28. Let l be i(-4). What is the greatest common divisor of 38 and l?
38
Suppose -m + 15 = 2*a, 2*a + 37*m - 32*m = 35. Calculate the highest common divisor of a and 1215.
5
Let p(z) = 122*z - 20. Let w(b) = -243*b + 41. Let d(g) = 7*p(g) + 3*w(g). Let j be d(1). What is the highest common factor of 54 and j?
54
Let z(t) = 2*t**2 + 13*t + 12. Let m = 95 - 97. Let l be -1*m/10 - (-276)/(-30). Let y be z(l). What is the highest common factor of y and 95?
19
Suppose -548 - 60 = -32*z. Let l = -8 + -157. Let b = -32 - l. What is the greatest common factor of z and b?
19
Suppose -3*a + 12 - 3 = 0. Suppose 3*v - a*v = -3*v. Suppose m + 52 - 88 = v. Calculate the highest common factor of m and 3.
